pose -5*l - 30 = -t - 2*t, 2*t + l - 33 = v. What are the prime factors of t?
3, 5
Suppose 79 = 4*k + w, 3*k = 5*k + w - 37. Let g = k - -11. List the prime factors of g.
2
Suppose -4*g + 2*t = -6330, -3*t = 3*g + t - 4731. What are the prime factors of g?
3, 17, 31
Let i be 6/(-4)*40/(-15). Suppose i*z = -5 + 17. List the prime factors of z.
3
Suppose -3*q + 4*q = 12. What are the prime factors of 36/2*11*8/q?
2, 3, 11
Suppose 0 = -0*f + f - 2. Let j be 5/(-20) - f/(-8). Suppose 2*m - 36 = -2*g, m + 0*m - 4*g - 38 = j. List the prime factors of m.
2, 11
Let m(w) = 3*w**2 - 7*w + 6. Let b be m(4). Let f(s) = 5*s - 5. Let q(o) = 21*o - 21. Let y(a) = b*f(a) - 6*q(a). List the prime factors of y(6).
2, 5
Suppose -2*n + 398 = -152. Suppose -5*k = 3*y - n, -3*y = -2*k + 2*y + 141. What are the prime factors of k?
2, 29
Suppose -4*m = -5*q - 279, -6*m + 2*m + 319 = 3*q. Suppose -m = h - 2*i - i, 2*h + 179 = -3*i. Let w = h - -123. List the prime factors of w.
2, 19
Let w = -122 + 686. List the prime factors of w.
2, 3, 47
Suppose -d = 4*i - 5*i + 145, 0 = 4*d + 20. List the prime factors of i.
2, 5, 7
Let i be ((-12)/(-10))/(2/15). Suppose -6 = -i*k + 111. What are the prime factors of k?
13
Let c(d) = d + 5. Let s = -16 - -19. Suppose t = -s*t. What are the prime factors of c(t)?
5
Let z = 709 + 38. List the prime factors of z.
3, 83
Let k(q) be the third derivative of 29*q**4/24 + q**3/3 - 34*q**2. Suppose -5*z + 2*h + 5 = -2*h, 0 = -3*z + h + 3. What are the prime factors of k(z)?
31
Suppose n = -i + 64, 2*n = -13*i + 16*i - 167. What are the prime factors of i?
59
What are the prime factors of (590018/(-39))/(-11) + (-1)/3?
5, 11
Suppose 3*g - 1 - 29 = q, -2*g + 20 = 5*q. What are the prime factors of 626/g + 6/15?
3, 7
Suppose -14*u + 20470 + 2462 = 0. List the prime factors of u.
2, 3, 7, 13
Let a(h) = -25*h**2 - 2*h + 1. Let q be a(1). Let i = q - -25. What are the prime factors of (i + 2)/(9/207)?
23
Let d = 23 + -23. Suppose h = -3*b + 300, 4*b - h - 199 - 201 = d. List the prime factors of b.
2, 5
Let j be 2 + 0 + 1/1. Suppose j - 14 = 2*s + 3*w, -w = 4*s - 3. Suppose 0*t + 24 = 4*t - s*u, -t - 4*u = -15. What are the prime factors of t?
7
Let a(z) = 285*z**2 - z + 1. List the prime factors of a(1).
3, 5, 19
Let p(c) = c**3 - 2*c**2 - 2*c - 3. Let l be p(3). Suppose l = 3*o + 9 - 0. Let t = o - -64. List the prime factors of t.
61
Suppose -7*f = 346 + 200. Let x = -55 - f. List the prime factors of x.
23
Let h(n) = n**3 - 68*n**2 + 143*n + 156. What are the prime factors of h(66)?
2, 3, 7
Let m be (-4)/(8/3)*58. Let n = -52 - m. Let w = -14 + n. What are the prime factors of w?
3, 7
Let m be 4/10 - 1274/(-65). Suppose m*x = 22*x - 108. List the prime factors of x.
2, 3
Let f = 3220 - 2039. What are the prime factors of f?
1181
Suppose y + 15 = -2*y. Let x(f) be the first derivative of f**4/4 + 2*f**3 - 5*f + 22. What are the prime factors of x(y)?
2, 5
Let l(h) = -74*h - 3. Let v be l(-3). Suppose 0 = -2*i + 3*y + v, 2*i + 0*i + 3*y - 213 = 0. List the prime factors of i.
2, 3
Suppose -27*b = 24*b - 139740. List the prime factors of b.
2, 5, 137
List the prime factors of (-25539)/(-18) - 1/(-6) - 0.
3, 11, 43
Let z be (13/1 + -2)*1. Let t = 63 - z. What are the prime factors of t?
2, 13
Let d be -4 + 5 - (-2 - -1)*-2. List the prime factors of ((-312)/(-60))/(d/(-5)).
2, 13
Let d(r) = -r**3 - 8*r**2 - 4*r + 1. Let g = -9 - -22. Let m = g - 21. List the prime factors of d(m).
3, 11
Let b = 3946 + -1086. List the prime factors of b.
2, 5, 11, 13
Suppose -j - 5*p - 9 = j, 4*j - 24 = 4*p. What are the prime factors of (-2 + j)/((-3)/(-27))?
3
Let o = -99 + 200. Let c = o - 65. List the prime factors of c.
2, 3
Let t be ((-100)/(-14))/(1/7). Suppose -2*b + b = -t. What are the prime factors of b?
2, 5
Suppose 2*y = 0, -o - 3*y = o. Let g(b) = -b**3 - b**2 - b + 9. Let s be g(o). Suppose -12*h = -s*h - 108. What are the prime factors of h?
2, 3
Let u(z) = z - 10. Let v(r) = r - 1. Let y(f) = u(f) - 6*v(f). Let t = -1 - 1. What are the prime factors of y(t)?
2, 3
Let a(u) = -9*u - 7. Let r be a(6). List the prime factors of (r + 4)*(-3)/3.
3, 19
Suppose 0 = -5*f - 15 + 20. What are the prime factors of (10 + (3 - f))*10?
2, 3, 5
Let h be 3/9 + 4*(-3)/9. List the prime factors of (-135)/h + -7 + 3.
131
Let a(i) = 38*i - 10. Let j be (2 - 6)/(-4)*(2 + 1). List the prime factors of a(j).
2, 13
Let h(c) be the second derivative of c**4/12 + 2*c**3/3 + c**2 + 97*c. Let l = 17 - 24. What are the prime factors of h(l)?
23
Let j(n) = -n**3 - n + 1. Let w(u) = -8*u**3 - u**2 - 12*u. Let d(m) = 6*j(m) - w(m). List the prime factors of d(3).
3, 29
Let h(s) be the first derivative of -s**4/4 + 4*s**3 + 3*s**2 - 6*s - 7. List the prime factors of h(12).
2, 3, 11
Let c be 4/((-31)/92 + 1/4). What are the prime factors of 3 + -1 - c*(-49)/(-14)?
163
Let j be 202/5 - 6/15. Suppose -6*h - 73 = -91. Suppose j = -l + h*l. What are the prime factors of l?
2, 5
Suppose 2*f - 658 = -2*j, -5*f = -2*f - 5*j - 995. Suppose -f = -5*q + 215. List the prime factors of q.
109
Suppose -2*r - 5 = 5. Let p = r + 19. What are the prime factors of 708/p + (-15)/(-35)?
3, 17
Let l(i) = i**2 + i - 1. Let b(y) = -5*y**2 + 8*y + 20. Let g(u) = -b(u) - 3*l(u). List the prime factors of g(10).
73
Let b(r) = -r**3 + 2*r**2 + 2*r + 12. Let x be b(0). Let n = 48 + x. List the prime factors of n.
2, 3, 5
Let x(m) = -434*m + 657. What are the prime factors of x(-10)?
19, 263
Let k(g) = g**2 + 4*g - 4. Let n(u) = -5*u + 1. Let y(a) = a. Let r(z) = n(z) + 3*y(z). Let x be r(-2). List the prime factors of k(x).
41
Suppose -5*m = -4*r + 84 + 138, -296 = -5*r - 3*m. What are the prime factors of r?
2, 29
Let w(k) = -k**2 + 4*k + 1. Let j be w(2). Suppose 0 = j*h - c - 261, 5*h + 2*c - 275 = -2. List the prime factors of h.
53
Let l(y) be the second derivative of -y**4/12 + 5*y**3/3 - 9*y**2/2 - 6*y. Let o be l(9). Suppose o = m + 9 - 23. What are the prime factors of m?
2, 7
Suppose 6*g - 697 = 107. What are the prime factors of g?
2, 67
Let b be (97/(-2))/(13/(-26)). Suppose 2*s = -2*z + 126, 3*z + 268 = 3*s + b. What are the prime factors of s?
2, 3, 5
Let n(r) = 5*r + 117. Let d(y) = y**2 + 13*y + 12. Let c be d(-12). What are the prime factors of n(c)?
3, 13
Let d(g) = 137*g - 219. What are the prime factors of d(10)?
1151
Suppose 2*x - 16 = -0*x. Let k = 34 - 40. List the prime factors of (x/k)/((-6)/153).
2, 17
Let z = -95 + 567. What are the prime factors of z?
2, 59
List the prime factors of (-14)/2 - (-149492)/38.
3, 7, 11, 17
Let y(p) = p**2 + p - 4. Let k be y(-3). Suppose -r + t + 29 = k*t, 2*r - t = 52. Let v = r + -15. What are the prime factors of v?
2, 3
Let x be 6 + -1 + -3 + (-3 - -15). What are the prime factors of (-778)/(-4) + (-5 - (-49)/x)?
193
Let f = 0 - -6. What are the prime factors of (-34)/(-4)*f + 1?
2, 13
Let i = 12 + -9. Suppose -560 = -10*z + i*z. What are the prime factors of z?
2, 5
Let u be 3/(36/(-8))*-3. Suppose u + 1 = -f. What are the prime factors of 54*((-7)/(-2) + f)?
3
Let a be 0/((1 - -1)*1). Suppose -n = -d - 47 + 6, 4*n - 5*d - 162 = a. Suppose 5*l + 3*s - 173 = -n, 0 = -3*l + 4*s + 49. List the prime factors of l.
23
Suppose -o + 2542 + 413 = 0. List the prime factors of o.
3, 5, 197
Let r = 257 - 225. What are the prime factors of r?
2
Suppose 0 = -0*x - 6*x + 24. Suppose x*s - n - 28 = 0, 5*s + 2*n - 4 = 31. List the prime factors of s.
7
Let u = -1643 + 3445. List the prime factors of u.
2, 17, 53
Let f(k) = -4*k**3 + 1. Let y be f(-1). Suppose 0 = 4*a + a + 5*t - 30, -y*a + 34 = 3*t. List the prime factors of a.
2
Let y(r) = r**2 + 2*r + 334. List the prime factors of y(-53).
3037
Suppose 20*v = 350 + 1870. What are the prime factors of v?
3, 37
Suppose 5*k - 670 - 275 = 0. Let i = k - 123. What are the prime factors of (i/4)/(1/2)?
3, 11
List the prime factors of (-1)/((-16)/8)*926.
463
Let t(d) = -1211*d + 134. What are the prime factors of t(-1)?
5, 269
Suppose -100*k = -1347 - 14453. What are the prime factors of k?
2, 79
Suppose 5*r = -5*c + 13140, c = -3*r - 131 + 8007. What are the prime factors of r?
2, 41
Let h(j) = j**2 + 3*j - 25. What are the prime factors of h(12)?
5, 31
List the prime factors of ((-14)/(-4))/(2646/660 - 4).
